b**2 - 36*b - 56. What is the remainder when 1*(5 - 2) + (78 - -35) is divided by h(-5)?
20
Let p = 18 + -11. Let a(k) = k - 7. Let u be a(p). Suppose u = 4*n + 1 - 45. What is the remainder when n is divided by 5?
1
Let m = -18998 - -19015. Calculate the remainder when 3925 is divided by m.
15
Suppose 0 = -0*u - 3*u - 5*z + 349, -3*u + 4*z = -331. Calculate the remainder when u is divided by 4.
1
Let m(d) = -d**3 - 10*d**2 - 10*d + 31. Let k be m(-9). Suppose -31*w = -k*w + 1233. What is the remainder when w is divided by 11?
5
Let j = 13522 + -13410. What is the remainder when j is divided by 95?
17
Let q(s) = 7*s**2 - 418*s - 44. What is the remainder when q(62) is divided by 19?
17
Suppose 0 = -4*k + 2065 - 213. What is the remainder when k is divided by 29?
28
Suppose 0 = -2*s - 3*h - 252, s = 12*h - 8*h - 126. Let z = 149 + s. Calculate the remainder when 65 is divided by z.
19
Suppose -9532*m + 9531*m = -75. Calculate the remainder when m is divided by 16.
11
Suppose -18*k + 2807 = 935. Suppose -62 = -4*r + 2*j, -3*r + 5*j = 2*r - 80. Calculate the remainder when k is divided by r.
14
Suppose r = -3*v - 723, -3*v - 11*r - 729 = -8*r. Let i = v + 253. Calculate the remainder when 595 is divided by i.
10
Let z = 57 - 17. Let s be (-302 - 1)/(11/(88/(-12))). Let f = s + -188. Calculate the remainder when z is divided by f.
12
Let y(u) = 2*u**2 - 13*u + 26. Let q be (25/3 - 6)/((-1)/(-3)). What is the remainder when 197 is divided by y(q)?
32
Suppose -487 = -5*u - 3*d, 282*d - 289 = -3*u + 277*d. Calculate the remainder when 4210 is divided by u.
94
What is the remainder when 144/60*90*3 is divided by 11?
10
Let q = -127 - -276. Let d = -139 + q. Calculate the remainder when 60 is divided by d.
0
Let s = -312 - -331. Let u(o) = 0*o**2 + 5 + 2*o**2 - 3*o - 3 + 1. What is the remainder when s is divided by u(3)?
7
Let f(y) = y**3 + 18*y**2 + 25*y + 51. Let h be f(-15). Let g = h + -322. Calculate the remainder when 68 is divided by g.
10
Let p(o) = 3*o**3 + o**2 - 102*o + 11. Calculate the remainder when 669 is divided by p(6).
5
Let n = -18 + 31. Calculate the remainder when (34 + -240)/(1 - (-15)/(-5)) is divided by n.
12
Let w(v) = -2*v + v - 7 + 2*v - 3. Let h be w(13). Suppose 0 = -h*y + y + 40. What is the remainder when 37 is divided by y?
17
Let y = 107 + -128. Calculate the remainder when 175 is divided by 850/105 - (-2)/y.
7
Let u = 70 - 67. Suppose 0*l - 3*c = -u*l + 153, -3*l = -5*c - 153. Calculate the remainder when 559 is divided by l.
49
Suppose -b = -9*b - 11088. Let i be b/(-24) + (-2)/(-8). Suppose 76 = 2*j + 2*j - 4*h, -4*j = 5*h - i. Calculate the remainder when 82 is divided by j.
14
Suppose 1 = -2*y + 9. Let j = 573 - 572. What is the remainder when y is divided by j?
0
Let s(k) = 2*k**2 - 39. Suppose -181*l - 5 = -182*l. Calculate the remainder when 63 is divided by s(l).
8
Let f = 9485 + -9162. Calculate the remainder when f is divided by 112.
99
Suppose -b = -5*b - 12. What is the remainder when 71 is divided by (b + 38/6)/((-20)/(-90))?
11
Suppose 0 = 5*u - c - 64 - 32, 3*c = u - 22. What is the remainder when 184 is divided by u?
13
Let p(l) = 33*l + 1340. Calculate the remainder when p(-37) is divided by 150/12 - 6/4.
9
Suppose 0*h - 2*h - 4*q - 22 = 0, h + 5*q = -23. What is the remainder when (h/9)/(6/66)*-3 is divided by (-3)/(1/(-5)*3)?
1
Let x be 22/12 + (-2)/(-12). Suppose x = -d + 2*d. Suppose -29 = -d*l + 19. What is the remainder when 69 is divided by l?
21
Let y = 1622 + -1106. Suppose -z + y = 3*z. Calculate the remainder when z is divided by 26.
25
Let f(b) = b**2 - 12*b + 32. Let k = 225 + -115. What is the remainder when k is divided by f(12)?
14
Suppose 188*x - 263558 - 106050 = 0. Calculate the remainder when x is divided by 219.
214
Let w = -603 - -861. Calculate the remainder when w is divided by 15/35 - -4*(-536)/(-224).
8
Let f(b) = b**2 - 25*b + 52. Calculate the remainder when 463 is divided by f(25).
47
Calculate the remainder when 273 is divided by -8 + 138 - (15/(-5))/((-1)/(-2)).
1
Let q = -330 - -330. Suppose 47 = n + 3*n - 5*b, q = -3*b - 9. Calculate the remainder when 70 is divided by n.
6
Let y(h) = h**2 + 5*h + 3. Let k be y(-5). Suppose -k*x - 5*j - 6 = -4*x, 4 = -3*x + 4*j. Let r = x + 12. Calculate the remainder when r is divided by 8.
0
Let m(l) = -13*l**3 + 3*l + 1. Let s = 84 - 88. Let k be m(s). Suppose -3*u = -k + 134. Calculate the remainder when u is divided by 46.
45
Let u = -21693 + 21907. Let j = -110 + 164. What is the remainder when u is divided by j?
52
Suppose -180 = -4*j + 5*t, 3*j - 142 + 7 = 4*t. Let d be -1 - 0 - 6/(-9)*-3. Calculate the remainder when j is divided by d*(-4)/(-30)*-30.
9
Let f(c) be the first derivative of -11*c**2/2 + 28*c - 9. Let y be f(7). What is the remainder when 94 is divided by 3 - (-6)/(-2) - y?
45
Suppose -613*u - 5661 = -630*u. What is the remainder when u is divided by 92?
57
Let m be 10/7 + -1 + (-1710)/(-665). Suppose u + 5*d = 112, 5*u - m*d - 506 = 110. Calculate the remainder when u is divided by 41.
40
Suppose -8*b = 5*z - 377, -81*b + 80*b + 5*z = -19. Calculate the remainder when 176 is divided by b.
0
Let m(o) = -o**2 + 93*o - 875. What is the remainder when 15684 is divided by m(82)?
24
Let z be (-10)/((-5)/((-15)/(-6))) + -3. Let d be -19*((0 - z) + 3). Let t = d + 22. Calculate the remainder when 8 is divided by t.
2
Let k(i) = -i**2 - 172*i - 6700. Calculate the remainder when k(-64) is divided by (25 - 4/(-2)) + -2.
12
Let d = 223 - 103. Let m = d + -88. What is the remainder when 49 is divided by m?
17
Let n(v) = 26 + 165*v**2 - 170*v**2 - 20*v + 8*v**3 - 5*v**3. Calculate the remainder when n(7) is divided by 61.
60
Suppose 5*s + 4*o = 867, -212 - 315 = -3*s + o. Calculate the remainder when s is divided by 64.
47
Let s = -2442 - -2451. What is the remainder when 25 is divided by s?
7
Let t = -37373 - -38052. Calculate the remainder when t is divided by 166.
15
Let w = -315 - -347. Let s = -40 + 155. What is the remainder when s is divided by w?
19
Suppose -j = -11*j - 30. What is the remainder when 40 is divided by j/3*4 - 540/(-20)?
17
Suppose -5481 = -27*a - 60*a. Suppose -5*v + 963 = -912. Calculate the remainder when v is divided by a.
60
Suppose 703 = 25*q + 103. What is the remainder when 431 is divided by q?
23
Let m(k) = 2*k**2 + 3*k + 5. Let v be 1/3 - 8/(-3). Suppose 3*j - v = -18. What is the remainder when m(j) is divided by 15?
10
Suppose -5*f + 2*f = -1176. Let v(q) = -3*q**3 + 29*q**2 + 24*q - 41. Calculate the remainder when f is divided by v(10).
95
Let y(n) = n**3 - 123*n**2 - 249*n - 119. Calculate the remainder when 640 is divided by y(125).
4
Suppose 5*x = -4*i + 11, 0 = -2*i - 4*x + 5 - 1. Suppose -i*o - 5 = -41. Suppose 0 = -6*u + o*u - 93. What is the remainder when u is divided by 11?
9
Let g(b) = b**2 - 13*b - 5. Let t be g(14). Suppose -126 = -5*n + t. Let a = -804 - -963. What is the remainder when a is divided by n?
24
Let g(k) = k**3 + 50*k**2 + 331*k - 36. What is the remainder when g(-10) is divided by 113?
89
What is the remainder when (-96)/216*(-774)/4 is divided by 20 + (-5)/4 + 69/(-92)?
14
What is the remainder when 672 is divided by ((-94)/14 - 3)*126/(-36)?
26
Let o(a) = -a**3 + 5*a**2 + 10*a + 18. Let b be o(8). Let v = -51 - b. Calculate the remainder when 169 is divided by v.
40
Let g(z) be the third derivative of -3*z**4/8 - 143*z**3/3 - 57*z**2. What is the remainder when 25 is divided by g(-33)?
3
Let g(v) = 2*v + 7. Let j be g(-6). Let b be (-4 - (1 + -4))*j. Suppose b*r + 72 - 1117 = 0. What is the remainder when r is divided by 42?
41
Let n(b) = -92*b + 1231. Calculate the remainder when n(12) is divided by 64.
63
Let f(b) = 9*b**2 - 47*b - 297. Let a(o) = -5*o**2 + 23*o + 149. Let c(l) = -5*a(l) - 2*f(l). Calculate the remainder when c(-6) is divided by 11.
7
Suppose -5*h - 51 = -8*h. What is the remainder when (704/(-528))/(((-4)/(-606))/(-1)) is divided by h?
15
Suppose 2386*o = 2382*o + 200. What is the remainder when 220 is divided by o?
20
Let j(v) = 1142*v - 3364. What is the remainder when 178 is divided by j(3)?
54
Let o(q) be the second derivative of 3*q**5/20 + q**4/6 + q**3/2 - 2*q**2 + 1251*q. Let f = 3 - 0. Calculate the remainder when o(f) is divid